ppose k = 3*g + 33, 5*g - 24 + 127 = 3*k. Calculate the remainder when 21 is divided by y/k*(-52)/(-10).
8
What is the remainder when 206 is divided by (-336)/16*(-8)/12?
10
Suppose 0 = -2*i - 3*c + 94, 92 = i - 4*c + 45. What is the remainder when i is divided by 26?
21
Let p(t) = t**2 - t + 5. Let c be p(0). Calculate the remainder when (2/6)/(1/87) is divided by -15*c/((-30)/4).
9
Let i = -38 - -41. Suppose -w = i*w - 356. Let c = w + -52. Calculate the remainder when c is divided by 10.
7
Let g = 14 - 6. Suppose 3*s - g = 1. Suppose -y + 29 = -i, -2*i + 59 - 148 = -s*y. Calculate the remainder when y is divided by 17.
14
Suppose -3*t + 5*h = 2*h - 24, -h = 4. Let x be 5*(20/t - 4). Suppose -5*k - f + 6*f = -260, -x*f + 20 = 0. What is the remainder when k is divided by 12?
8
Suppose -b = 2, 2*k - 3*b - 6 = -0*k. Calculate the remainder when (-9)/21 + (-365)/(-35) is divided by 12/2 - k/(-1).
4
Let i(l) = 2*l - 5. Let x be i(5). Suppose -5*g + 115 = x*r - r, -5 = r. Calculate the remainder when 159 is divided by g.
24
Let b = 186 - -101. What is the remainder when b is divided by 16?
15
Let t(a) = a**2 + 4*a + 49. Suppose 3*k = 7*k - 164. What is the remainder when t(-8) is divided by k?
40
Let r = -58 + 41. Let u = r + 27. What is the remainder when 9 is divided by (2/(-5))/((-1)/u)?
1
Let w = 171 - -9. Calculate the remainder when w is divided by 64.
52
Let m(i) = i + 3. Let n be m(4). Suppose -2*r + 3 = -n. Suppose b = 5*s - 12, -r*b + 3*s = -s - 24. Calculate the remainder when 20 is divided by b.
4
Suppose -4 = -4*l + w + 19, 0 = 3*w - 15. Calculate the remainder when (0 - -96)/3*l/4 is divided by (0 - 1 - 28)*-1.
27
Let t(h) = h**2 - 2*h - 6. Calculate the remainder when 782 is divided by t(-5).
28
Let h(i) = 3*i**2 - 4*i - 2. Suppose -1 = 2*o + 9. What is the remainder when h(o) is divided by 12?
9
Let o = -119 - -237. Suppose 0 = -3*q - o - 50. Let m = -29 - q. What is the remainder when m is divided by 15?
12
Suppose 0 = -3*f + 4*f. Suppose 4*m = -0*o + o + 328, -5*o + 385 = 5*m. Calculate the remainder when m is divided by 20 + (-1*2 - (f + -3)).
18
Let t = -1886 - -2055. What is the remainder when t is divided by 69?
31
Let a(f) = 11*f - 61. Calculate the remainder when 539 is divided by a(8).
26
Let m(x) = -x**2 + 2*x + 5. Let v be m(4). Suppose 2*t - 11 = -0*q - q, -5*t - 3*q + 27 = 0. Let s = t + v. What is the remainder when 5 is divided by s?
2
Let p = -8 + 11. What is the remainder when -1 - p - (-46)/2 is divided by 7?
5
Let f = -30 + 44. Suppose n = -h + f, -2*h = 5*n + h - 66. Calculate the remainder when 35 is divided by n.
11
Let l = -440 - -777. Calculate the remainder when l is divided by 68.
65
Let r(c) = c. Suppose 2*k + 2 = -k + 4*u, 0 = -4*u + 8. Let i be r(k). Suppose 3*j - 106 = i*j. What is the remainder when j is divided by 27?
25
Let q = -1051 - -1066. Let z = -5 + -78. What is the remainder when 2/(-3) - z/3 is divided by q?
12
Suppose -2*o + 1 + 1 = 0. Let a(r) = 37*r**2. Let f = 231 + -122. What is the remainder when f is divided by a(o)?
35
Suppose -191*c = -174*c - 1598. Calculate the remainder when c is divided by 29.
7
Suppose -83*g + 41344 = -30451. Calculate the remainder when g is divided by 7.
4
Let q(n) = -21*n + 22*n + 13 + 8 + 4. Let t(i) = i**3 + 3*i**2 + 5*i + 4. Let c be t(-3). Calculate the remainder when q(c) is divided by 9.
5
Let t = -15 - -56. What is the remainder when (17 + -16)*t/1 is divided by 11?
8
Let l = 388 + -30. What is the remainder when l is divided by 10?
8
Let p = 3 - -2. Suppose p*a = 3*u + 130, -2*a - 7 = -5*u - 40. Calculate the remainder when a is divided by 12/(-16)*-10*2.
14
Let j(d) = -2*d**2 - 2*d + 1. Let w be j(1). Let v be (48 + 0)/((-51)/34). Calculate the remainder when 43 is divided by 2/6 + v/w.
10
Suppose q - 64 - 46 = 0. Suppose -3*j = 2*j - g - 86, 5*g = -5*j + q. What is the remainder when 51 is divided by j?
15
Let j(f) = f**3 + 11*f**2 + 10*f + 6. Let o be j(-10). Suppose -99 = -o*s + 153. What is the remainder when s is divided by 15?
12
Suppose 12*z - 7*z = 175. Calculate the remainder when z is divided by (9/(-4))/(3/(-12)).
8
Suppose 0 = -4*i - 28 + 336. Let r(h) = 4*h - 30. What is the remainder when i is divided by r(10)?
7
Let t = 275 + -164. What is the remainder when t is divided by 42?
27
Suppose 4*s - 96 = -0*s. Let b(n) = 62*n**2 + 9*n + 7. What is the remainder when b(-1) is divided by s?
12
Let l = -22 - -50. What is the remainder when l is divided by 8?
4
Let y = -348 - -381. What is the remainder when 84 is divided by y?
18
Let t = 21 + -19. What is the remainder when 67 is divided by t/((-44)/(-422)) + (-18)/99?
10
Let h(s) = s**3 - 7*s**2 + 8*s + 4. Let p = -72 + 90. Suppose 308 = -14*g + p*g. Calculate the remainder when g is divided by h(6).
13
Suppose -11*y + 15*y = -4. Let q be 3*(-5 - y - -3). Calculate the remainder when (2 - (q + -5))*6 is divided by 21.
18
Let s(z) = -44*z - 2. Let p = -25 - -24. Calculate the remainder when s(p) is divided by 15.
12
Suppose -4 = -z - 3*l, -5*l = -z + 4 - 32. Let u(f) = f**2 - 5 - 2*f**2 - 2 - 11*f. Calculate the remainder when 32 is divided by u(z).
15
Suppose 4 = 4*b - 0. Let j(t) = -5*t + 2. Let y be j(b). Calculate the remainder when 50 is divided by 3/2*(-26)/y.
11
Let q = 298 + -168. Let m = q + -78. Calculate the remainder when m is divided by 11.
8
Suppose 0 = -22*g + 17*g + 825. Calculate the remainder when g is divided by 87.
78
Let a be 1/(((-2)/2)/(-5)). Suppose -a*b + 199 = 39. Suppose -128 = -9*l + 439. Calculate the remainder when l is divided by b.
31
Calculate the remainder when 203 is divided by 10*6/24*76/10.
13
Let f(v) = v**3 - 3*v**2 + v - 9. Suppose 8*h = 4*h - 120. Let d = h - -71. Calculate the remainder when d is divided by f(4).
8
Suppose -3*v + v + 2 = 0. Suppose -2*f + 0*h = 4*h + 14, -5*h = 4*f + 16. What is the remainder when 21 - (-1 - f/v) is divided by 12?
11
Let v(b) = 5*b - 23. Suppose 3 = 2*a - 11. Suppose -5*r = -5*h + 170, 6*h - 5*r = 2*h + 135. What is the remainder when h is divided by v(a)?
11
Let b(c) = -4*c**2 + 3*c + 10. Let x be b(6). Let i = x + 219. Calculate the remainder when i is divided by 18.
13
Suppose -2*k + 0*k = -46. Calculate the remainder when 160 is divided by k.
22
Suppose x = -2*g - x - 2, 3*g + 4*x = 2. Suppose -12*f + 7 = -a - 9*f, -5*f - 21 = 3*a. Let o = g - a. Calculate the remainder when 4 is divided by o.
0
Let m = 33 + -26. Suppose -k - m*k + 72 = 0. What is the remainder when 24 is divided by k?
6
Let s(p) = 7*p**2 + 12*p - 6. What is the remainder when 163 is divided by s(-4)?
47
Let q(l) = 15*l + 102. Calculate the remainder when 43 is divided by q(-6).
7
Let c(g) = -g**2 - 8*g - 15. Let v be c(-5). Suppose 38 - 1 = r - l, v = -r - l + 43. Calculate the remainder when r is divided by 11.
7
Let b(u) = 10*u**2 + 4*u - 3. Let s = 14 + -9. Suppose -s*f + 0*c = -2*c - 22, f + 3*c = 18. What is the remainder when b(1) is divided by f?
5
Suppose -5*d = 4*m - 390, -10*d + 15*d + 5*m - 390 = 0. What is the remainder when 152 is divided by d?
74
Let r(g) = -g**2 - 9*g - 4. Let k be r(-8). Suppose 6 - 50 = -k*h. What is the remainder when 20 is divided by h?
9
Suppose -177 = 13*y - 1204. Suppose -22 = -d - 2*h, 5*d - 210 = -3*h - y. Calculate the remainder when 77 is divided by d.
21
Let j be (117 + -1)*(-60)/(-48). Suppose j = -4*w + 541. Suppose -o - x - w = -3*o, 3*o + x - 136 = 0. What is the remainder when o is divided by 16?
15
Let r(h) = h**2 - 21*h - 23. What is the remainder when 61 is divided by r(24)?
12
What is the remainder when 43 is divided by (-78)/143 + 320/22?
1
Suppose -6*w = 3*w - 135. Suppose 5*t = 5 + w. Calculate the remainder when 27 is divided by t.
3
Calculate the remainder when 2 + (1 - -20) - 0 is divided by (2 + -4)/(-2) + (-3)/(-1).
3
Suppose 89 - 67 = q. Calculate the remainder when 1516 is divided by q.
20
Let t(s) = s**3 - 16*s**2 - 7*s - 16. Let g be t(17). Suppose -12*q = -302 - g. What is the remainder when 150 is divided by q?
36
Suppose -6*l = -l + 3*c - 3, 0 = -3*l - 2*c + 1. Suppose 3*b = -5*q + 112, -l*q + 28 = 4*b - 48. Let a = 31 - -27. What is the remainder when a is divided by q?
18
Let o be 2/(-8) - (85/(-20) - 2). Suppose -o*s + 175 = s. Calculate the remainder when s is divided b